n 21245911 is divided by 533?
531
Calculate the remainder when 45715 is divided by 9073.
350
What is the remainder when 10977199 is divided by 45360?
79
What is the remainder when 533975 is divided by 186?
155
Calculate the remainder when 48680859 is divided by 31776.
27
What is the remainder when 1752082 is divided by 2521?
2508
Calculate the remainder when 213093 is divided by 394.
333
Calculate the remainder when 1296849 is divided by 2494.
2463
Calculate the remainder when 3107045 is divided by 3129.
3077
Calculate the remainder when 2219977 is divided by 18499.
97
What is the remainder when 93976 is divided by 3116?
496
What is the remainder when 12373524 is divided by 119?
23
What is the remainder when 2696303 is divided by 315?
218
What is the remainder when 46889678 is divided by 54?
20
What is the remainder when 299960 is divided by 98652?
4004
Calculate the remainder when 270989 is divided by 593.
581
What is the remainder when 3430694 is divided by 48?
38
What is the remainder when 179448 is divided by 9384?
1152
Calculate the remainder when 10597566 is divided by 9.
3
Calculate the remainder when 49976041 is divided by 30197.
6
Calculate the remainder when 45758 is divided by 680.
198
Calculate the remainder when 204001 is divided by 975.
226
Calculate the remainder when 4848671 is divided by 4848655.
16
Calculate the remainder when 37205 is divided by 18191.
823
What is the remainder when 2979432 is divided by 1411?
811
What is the remainder when 4159272 is divided by 4159268?
4
Calculate the remainder when 62163103 is divided by 708.
703
Calculate the remainder when 132424 is divided by 32952.
616
Calculate the remainder when 116065774 is divided by 12896197.
1
Calculate the remainder when 14942331 is divided by 3974.
91
What is the remainder when 1638275 is divided by 223?
117
What is the remainder when 150434 is divided by 2734?
64
What is the remainder when 58536381 is divided by 87?
84
What is the remainder when 669137 is divided by 95560?
217
Calculate the remainder when 16729114 is divided by 375.
364
Calculate the remainder when 1900235 is divided by 2812.
2135
What is the remainder when 1565467 is divided by 40136?
163
What is the remainder when 4841742 is divided by 32937?
3
What is the remainder when 12924199 is divided by 732?
7
What is the remainder when 153538 is divided by 862?
102
What is the remainder when 14778773 is divided by 1311?
1181
What is the remainder when 526893 is divided by 258?
57
What is the remainder when 3377574 is divided by 380?
134
What is the remainder when 2052141 is divided by 513034?
5
Calculate the remainder when 119897443 is divided by 1409.
1406
What is the remainder when 41228 is divided by 65?
18
What is the remainder when 173408 is divided by 431?
146
Calculate the remainder when 159591102 is divided by 7835.
7822
What is the remainder when 890005 is divided by 296663?
16
Calculate the remainder when 4567531 is divided by 1154.
1153
What is the remainder when 427106 is divided by 1960?
1786
Calculate the remainder when 430694 is divided by 8678.
5472
What is the remainder when 1046464 is divided by 22265?
9
What is the remainder when 587767 is divided by 20991?
19
Calculate the remainder when 3023028 is divided by 3851.
3844
What is the remainder when 75947 is divided by 15?
2
What is the remainder when 6158641 is divided by 10692?
49
What is the remainder when 2591547 is divided by 195?
192
What is the remainder when 33653388 is divided by 17?
1
What is the remainder when 6785629 is divided by 100?
29
Calculate the remainder when 460906 is divided by 633.
82
Calculate the remainder when 65609442 is divided by 5.
2
Calculate the remainder when 172237 is divided by 42497.
2249
What is the remainder when 9941 is divided by 7176?
2765
What is the remainder when 7153 is divided by 2273?
334
Calculate the remainder when 4148603 is divided by 2801.
322
Calculate the remainder when 640246 is divided by 363.
277
Calculate the remainder when 11835906 is divided by 264.
258
What is the remainder when 146176271 is divided by 9?
8
What is the remainder when 991724397 is divided by 12?
9
What is the remainder when 117230 is divided by 1043?
414
Calculate the remainder when 3929 is divided by 197.
186
Calculate the remainder when 358387 is divided by 27375.
2512
What is the remainder when 1480934 is divided by 522?
20
What is the remainder when 128785789 is divided by 70?
69
What is the remainder when 25960428 is divided by 1622523?
60
What is the remainder when 68256071 is divided by 366?
365
What is the remainder when 264691683 is divided by 905?
903
What is the remainder when 154287 is divided by 51417?
36
What is the remainder when 1064826290 is divided by 6679?
6678
What is the remainder when 125756 is divided by 145?
41
Calculate the remainder when 13019 is divided by 10495.
2524
What is the remainder when 303429 is divided by 300?
129
What is the remainder when 2702716 is divided by 900893?
37
What is the remainder when 20865 is divided by 10369?
127
What is the remainder when 15716 is divided by 2512?
644
Calculate the remainder when 34438605 is divided by 5543.
5489
What is the remainder when 72786 is divided by 2453?
1649
What is the remainder when 9275334 is divided by 162?
24
Calculate the remainder when 405545 is divided by 1351.
245
What is the remainder when 1389294 is divided by 1115?
4
Calculate the remainder when 8773 is divided by 3562.
1649
What is the remainder when 160354 is divided by 446?
240
Calculate the remainder when 329542 is divided by 155.
12
Calculate the remainder when 179940 is divided by 357.
12
Calculate the remainder when 229660 is divided by 17660.
80
What is the remainder when 209067206 is divided by 55?
51
Calculate the remainder when 2703352 is divided by 96.
88
What is the remainder when 413726 is divided by 507?
14
Calculate the remainder when 6882365 is divided by 2294079.
128
Calculate the remainder when 2148737 is divided by 79571.
320
What is the remainder when 109600956 is divided by 32?
28
What is the remainder when 319042014 is divided by 4232?
4230
What is the remainder when 1524965 is divided by 2639?
2262
What is the remainder when 272819 is divided by 358?
23
Calculate the remainder when 192931 is divided by 192826.
105
Calculate the remainder when 76859617 is divided by 126.
121
Calculate the remainder when 496744 is divided by 4357.
46
What is the remainder when 16989853 is divided by 1698983?
23
Calculate the remainder when 3896 is divided by 2644.
1252
Calculate the remainder when 59632217 is divided by 202.
201
What is the remainder when 292270 is divided by 72795?
1090
Calculate the remainder when 2040539 is divided by 603.
590
What is the remainder when 17680891 is divided by 4420221?
7
Calculate the remainder when 353313 is divided by 88307.
85
Calculate the remainder when 18418514 is divided by 18.
14
Calculate the remainder when 2686800 is divided by 333.
156
Calculate the remainder when 282257 is divided by 490.
17
What is the remainder when 570726 is divided by 14537?
3783
Calculate the remainder when 1198506 is divided by 392.
162
What is the remainder when 129753748 is divided by 25?
23
What is the remainder when 280704 is divided by 25391?
1403
What is the remainder when 4950748 is divided by 495062?
128
What is the remainder when 760425 is divided by 629?
593
What is the remainder when 23048 is divided by 1535?
23
What is the remainder when 231414 is divided by 231356?
58
Calculate the remainder when 122265968 is divided by 2717021.
23
Calculate the remainder when 136501 is divided by 170.
161
Calculate the remainder when 699653 is divided by 13.
6
What is the remainder when 55294 is divided by 18425?
19
Calculate the remainder when 1523116 is divided by 699.
694
What is the remainder when 9952365 is divided by 3856?
29
Calculate the remainder when 1395713 is divided by 35786.
59
Calculate the remainder when 3046477897 is divided by 10.
7
Calculate the remainder when 825893 is divided by 69.
32
What is the remainder when 37067 is divided by 12143?
638
What is the remainder when 449737 is divided by 23236?
8253
What is the remainder when 345828 is divided by 15719?
10
What is the remainder when 7584551 is divided by 4547?
155